e factors of d?
2, 3
Let m be 1/(1 + (-30)/27). Let s = -7 - m. Suppose -5*o = a - 17, s*a + 3*o - 10 = o. List the prime factors of a.
2
Suppose -9*j = -937 + 397. Let r = 13 - 34. Let v = r + j. List the prime factors of v.
3, 13
Let l = 85 + -82. Suppose l*g = f + 253, -g + 4*f + 182 = g. List the prime factors of g.
83
Let r(g) = g**3 - 5*g**2 - 17*g + 10. Let w be r(10). Let f = w + -117. List the prime factors of f.
223
Let l be 18*((-20)/3)/5. Let i = -16 - l. List the prime factors of i.
2
Let j be ((-8)/4)/(2/(-4)). Suppose j*l - 2*b - 83 = 227, 2*b - 65 = -l. What are the prime factors of l?
3, 5
Let q be (-6)/108*2 - (-62)/(-9). List the prime factors of (-9)/63 + (-302)/q - -1.
2, 11
Suppose u + 6 = 4*u. Suppose u*x = 5*x - 486. What are the prime factors of x?
2, 3
Suppose 20 - 2 = -3*q. Let j(g) = -10 - 3*g - 3*g - 4 - 5. What are the prime factors of j(q)?
17
Let i = -55 + 50. List the prime factors of (i*2)/((-3)/9).
2, 3, 5
Let m(s) = 0 - 8*s + 0. Suppose 0 = 118*w - 115*w + 9. What are the prime factors of m(w)?
2, 3
Let t = -12 + 12. Suppose t*j - j + 32 = 0. Let s = j - 16. What are the prime factors of s?
2
Suppose 10594 + 99782 = 24*r. What are the prime factors of r?
3, 7, 73
Suppose m = -3*p + 4940, 3*m + 3402 - 94 = 2*p. List the prime factors of p.
2, 103
Suppose -805 = -3*u - 5*w, 3*u - 385 = 5*w + 430. What are the prime factors of u?
2, 3, 5
Let z = 177 + 1104. List the prime factors of z.
3, 7, 61
Let h(b) = 226*b - 40. What are the prime factors of h(2)?
2, 103
List the prime factors of (6 - 0)*402/9.
2, 67
Let d(i) = 9*i + 5. Let u(x) = -18*x - 10. Let z(o) = -5*d(o) - 2*u(o). Let h be z(-5). Suppose 5*s = f - 5, -s + h = 2*f - 5*s. List the prime factors of f.
2, 3, 5
Let o(m) be the third derivative of m**5/60 - 7*m**4/24 - 4*m**3/3 - 2*m**2. Let w be o(-6). Suppose -8*b + 10*b = w. List the prime factors of b.
5, 7
Let h = -1040 + 1915. List the prime factors of h.
5, 7
Suppose -7*i = -5*a - 2*i + 95, a - 35 = -3*i. Suppose 0 = -3*y + a + 16. List the prime factors of y.
13
Let a = -38 - -1. Let r = a + 42. What are the prime factors of r?
5
Let h be (-2 - -1)/(6/462). Let t be 1/6 - h/42. Suppose t*x = -x + 39. What are the prime factors of x?
13
Let a(z) = -z**3 + 9*z**2 - 11*z + 4. Let n be a(7). Suppose 4*o = 1 - n. What are the prime factors of (o/(-2))/(5/20)?
2, 3
Let q be (-4*3)/((-232)/32 - -7). Suppose 5*s - 3*d = 1213, 3*d - q = -s + 191. What are the prime factors of s?
2, 11
Suppose -12*a = -17*a + 2070. What are the prime factors of a?
2, 3, 23
Let r be 8/12 + (-69)/9. Let t be (2/4)/(r/(-490)). Suppose 3*b - 37 = t. List the prime factors of b.
2, 3
Let v be -2 - -4 - (-37 + 0). Let g(z) = v*z**2 - 5 - 45*z**2 + z**3 + 8*z - 2. What are the prime factors of g(6)?
41
Let r = 20 + -26. Let y be (-25)/r + 6/(-36). Suppose 3*c - 28 = -y. List the prime factors of c.
2
Let f(t) = -t**3 + 3*t**2 - 2*t - 3. Let k be f(3). Let r be k/(-6)*(-1 - -3). Suppose 0 = -2*n + 29 + r. What are the prime factors of n?
2
Suppose -25*t + 26*t - 4205 = -4*q, -t - 5245 = -5*q. What are the prime factors of q?
2, 3, 5, 7
What are the prime factors of (11392/48)/((4/(-3))/(-2))?
2, 89
Let z be 22/(-3)*30/(-4). Suppose 0 = c - 3*u - 40, -123 = -4*c + 3*u + z. List the prime factors of c.
2, 23
Suppose 4*a = -4*z + 2720, 0 = -a + z + 630 + 40. List the prime factors of a.
3, 5
Let g be ((-1)/5 - (-330)/25) + -2. Let o(b) = -b**2 + 11*b + 26. What are the prime factors of o(g)?
2, 13
Let c(p) = p**3 + 11*p**2 - 6*p + 8. Let o be c(-10). Suppose 0 = -3*a + o - 60. List the prime factors of 2/(-6) + 588/a.
2
Suppose 684*y - 2538 = 681*y. What are the prime factors of y?
2, 3, 47
Let w = -29 - -309. Let a = w + -188. Let l = a + -34. List the prime factors of l.
2, 29
Suppose -2*s = -3*a - 6, 0*a = 4*a + 2*s + 8. Let i be (5/a + 3)*8. What are the prime factors of 9/(-2)*-10 + i?
7
Let m = -22 - -24. Suppose 0 = -m*o + o. Suppose -2*x + 17 + 25 = o. What are the prime factors of x?
3, 7
Let n(o) = -23*o + 243. What are the prime factors of n(-21)?
2, 3, 11
Let u(j) = j**3 + 10*j**2 + 16*j - 17*j**2 + 0*j**3. What are the prime factors of u(8)?
2, 3
Suppose 4*a + 7596 = 4*h, 3*a = 7*h - 6*h - 1893. List the prime factors of h.
2, 3, 317
Let u = -10422 + 16409. List the prime factors of u.
5987
Let u(t) = -10*t + t**3 + 7*t**2 + 1 + 1 + 1 - 4. List the prime factors of u(-8).
3, 5
Let o = 39 + -37. Suppose 3*h + 120 = -4*r + 520, 0 = o*h. List the prime factors of r.
2, 5
Suppose 168 = 41*c - 38*c. List the prime factors of c.
2, 7
Suppose 0 = 3*l + 11 - 59. Suppose -r + 5*r = l. Suppose -r*n = -2*n - 48. What are the prime factors of n?
2, 3
Let w be 36/(-90) - 208/5. Let h = w + 33. List the prime factors of 2/(1 + h/12).
2
Let z = 13 - 20. Suppose -3*y + 4*g = -42, -g = -5*y - 6*g + 35. Let a = z + y. What are the prime factors of a?
3
Suppose 5*p - 1795 = -5*f + 1070, -4*f = 3*p - 1718. List the prime factors of p.
2, 7, 41
Let n(c) = -92*c - 61. What are the prime factors of n(-10)?
859
Suppose 0 = -3*k - 2*x + 6239, -k - 3*x + 1349 + 726 = 0. List the prime factors of k.
2081
Let u(o) = o**3 + 11*o**2 + 5*o - 21. Suppose -2*z - 4*b = 0, 0 = 5*z - 4*z - 4*b + 30. List the prime factors of u(z).
29
Let c = 113 + 113. What are the prime factors of c?
2, 113
Let m(n) be the first derivative of n**3/3 + 5*n**2 - 11*n - 3. Suppose 0 = -l - 3*l - 52. List the prime factors of m(l).
2, 7
Suppose -2*g - 34 = 2*z - 864, -5*z - 4*g = -2074. What are the prime factors of z?
2, 3, 23
Let u(z) = -z**2 - 10*z + 22. Let t be u(-9). Let y = -13 + t. What are the prime factors of y?
2, 3
Suppose -19*g + 62910 = 8*g. List the prime factors of g.
2, 5, 233
Let r(n) = -n + 10*n**2 + 15*n**2 + n + 1. List the prime factors of r(-3).
2, 113
Suppose 3*t - b - 31 = 0, 3*b + 9 = 2*t - 7. Suppose -9 = -5*k + t. What are the prime factors of (-392)/(-18) - k/(-18)?
2, 11
Let b(i) = i**3 - 2*i**2 - 10*i - 3. List the prime factors of b(7).
2, 43
Let f(k) = -k**3 + 5*k**2 + 10*k - 21. Let q be f(6). Suppose -q*l - 457 = -4*a, -5*a - 4*l + 563 = -47. What are the prime factors of a?
2, 59
Suppose 0 = -5*i - 0*d - 3*d + 820, 4*i - 3*d - 683 = 0. What are the prime factors of i?
167
Suppose -q + 3*k = -5, 5*k + 10 = 2*q + 3*k. Suppose -q*p + 0*o + 2*o + 25 = 0, 0 = 2*p + 4*o - 10. List the prime factors of p.
5
Let l(y) = 16*y**2 - y - 25. List the prime factors of l(-5).
2, 5, 19
Suppose 2*h + 10 = 3*k - 6, h = -5*k + 18. Let v(b) = 4 - 7*b + 2 - 3 + k*b**2 + 0*b**2. List the prime factors of v(3).
2, 3
Let b(c) = -c**2 - 2*c - 24. Let i(q) = q. Let h(o) = -b(o) - 2*i(o). Let j = -2 - -2. What are the prime factors of h(j)?
2, 3
Let j = 856 + -853. Let z(f) = 30*f**2 - 4*f + 2. Let g be z(2). Suppose -g = -j*w + 2*a, 133 + 8 = 4*w + a. What are the prime factors of w?
2, 3
Suppose -1707 = -3*z + 12975. List the prime factors of z.
2, 2447
Let t = -120 - -190. Let h = 116 - t. List the prime factors of h.
2, 23
Suppose -4*x - 159408 = -58*x. What are the prime factors of x?
2, 3, 41
Let y(k) = -k**2 + 4. Let f be y(2). Suppose 2*j = -f*j + 8. Suppose -w = -3*a + 2*a - 11, j*w + 2*a = 32. What are the prime factors of w?
3
What are the prime factors of (296/16 + -9)*22?
11, 19
Let b be (-6 + 8)/(16/(-10) - -2). Suppose 4*f = -5*i + 105, 2*f + 4 + 6 = 0. Suppose -59 = -4*w - h, -w - w + i = b*h. What are the prime factors of w?
3, 5
Suppose -4*a + 2508 = 896. Suppose -16*l = a - 3395. What are the prime factors of l?
11, 17
Let r(w) = 22*w**2 - 3*w - 1. Let u be r(-1). List the prime factors of u/36 - (968/(-6) - -1).
7, 23
Let n be 5/20 - (6710/(-8) - -3). Suppose -4*p = 3*r - 0*r - n, r - 257 = 3*p. List the prime factors of r.
2, 17
Let g = 25 - 28. Let i be -3 + 38 + (1 - g). Suppose -3*x = -i - 9. List the prime factors of x.
2
Let o(z) = z**2 + 19*z + 3. Let k be o(-10). What are the prime factors of (2 + k/6)*-4?
2, 5
Suppose 5*n - 2*q = -7*q + 9140, 3*q = 12. List the prime factors of n.
2, 3, 19
Suppose j + 3*j = -5*d + 425, -2*d + 3*j = -193. Let n = 26 + d. What are the prime factors of n?
5, 23
Suppose 3*g + 73 = 4*c, 2*g - 74 = -5*c - 0*c. Let h(u) = u**3 - 8*u**2 + 12*u + 3. Let i be h(6). Suppose c = i*j + 4. What are the prime factor